7?
-10b
In base 6, what is 101434 - 4?
101430
In base 14, what is 2da + -1?
2d9
In base 4, what is 1 - 300121?
-300120
In base 8, what is 152 - 14?
136
In base 10, what is 46 + -69?
-23
In base 11, what is 4 + -1a?
-16
In base 8, what is -243 + -1?
-244
In base 13, what is 1b2 + 4?
1b6
In base 10, what is 249 - 84?
165
In base 11, what is -5 + -194?
-199
In base 5, what is -2 + 2420?
2413
In base 8, what is -145 - -35?
-110
In base 13, what is -18 + c6?
ab
In base 8, what is -3333 + -11?
-3344
In base 9, what is -1 + 2574?
2573
In base 14, what is 358 + 5?
35d
In base 4, what is -12202 - 10?
-12212
In base 5, what is 3 + 211?
214
In base 7, what is -250 + -5?
-255
In base 13, what is 5 - -16c?
174
In base 14, what is 98 + 24?
bc
In base 3, what is 10111011 + -10?
10111001
In base 5, what is 3002 - -4?
3011
In base 11, what is -3a2 + -2?
-3a4
In base 6, what is -10002 + -3?
-10005
In base 10, what is 28 + 4?
32
In base 11, what is -4 + -163?
-167
In base 7, what is 10 + 1?
11
In base 10, what is -721 - 18?
-739
In base 4, what is 0 + 20?
20
In base 15, what is -150 - 1?
-151
In base 8, what is 3 + 462?
465
In base 5, what is 1133 + 0?
1133
In base 13, what is -b + -a2?
-b0
In base 7, what is 2 + 301?
303
In base 2, what is 101 - 1001000110?
-1001000001
In base 10, what is 81 - 87?
-6
In base 13, what is 93 + 8?
9b
In base 10, what is 0 + -238?
-238
In base 13, what is -397b + 2?
-3979
In base 8, what is -67 - 0?
-67
In base 3, what is 2210222 + 12?
2211011
In base 14, what is -4 - 889?
-88d
In base 5, what is 140 + 4000?
4140
In base 13, what is -3 + -ca?
-100
In base 14, what is -2ad5 + 4?
-2ad1
In base 16, what is 11 - 222?
-211
In base 2, what is 100011 + 10001010?
10101101
In base 15, what is -3 + -53?
-56
In base 11, what is 870 - 4?
867
In base 7, what is -503 - -1?
-502
In base 12, what is 1 + -32b2?
-32b1
In base 3, what is 222 + -2010?
-1011
In base 8, what is -150 - -2?
-146
In base 15, what is -17 + 38?
21
In base 9, what is 3 + 647?
651
In base 11, what is -178 + -55?
-222
In base 12, what is -4 + -3753?
-3757
In base 15, what is -3 - -3c?
39
In base 4, what is 3 + -1101?
-1032
In base 16, what is -5 - 174b?
-1750
In base 10, what is 0 + 3?
3
In base 5, what is -1 + 32302?
32301
In base 2, what is 110 + 100001001?
100001111
In base 8, what is 13 - -25?
40
In base 6, what is 132 + -2?
130
In base 13, what is -17 - -4?
-13
In base 4, what is -1203213 + 1?
-1203212
In base 5, what is -33 + 2?
-31
In base 8, what is -10 + 436?
426
In base 15, what is 2982 - -2?
2984
In base 7, what is 5421 + -5?
5413
In base 10, what is -1 - -75?
74
In base 10, what is 9 - 9?
0
In base 2, what is -10 + -1001110?
-1010000
In base 13, what is 3 + 39?
3c
In base 5, what is -123 + -4?
-132
In base 6, what is -401 - -4?
-353
In base 13, what is -3 + -4a?
-50
In base 5, what is -43 + -1204?
-1302
In base 7, what is -3 + 114?
111
In base 3, what is -10000 + -1220?
-11220
In base 6, what is 4 + -12003?
-11555
In base 13, what is -254 + 2?
-252
In base 8, what is 135 + -11?
124
In base 8, what is 0 + -13?
-13
In base 14, what is 9 - -b2c?
b37
In base 12, what is 13 - -4?
17
In base 4, what is 2100 - 303?
1131
In base 9, what is 5 + -106?
-101
In base 9, what is -5 + -112?
-117
In base 3, what is 121 - 100?
21
In base 9, what is 8 + -4?
4
In base 16, what is 162 - 4?
15e
In base 3, what is -12 - 212?
-1001
In base 12, what is -11 + -776?
-787
In base 13, what is -1642 + 4?
-163b
In base 6, what is -235 - 5?
-244
In base 3, what is -2 - 20110?
-20112
In base 10, what is 3 - 19?
-16
In base 2, what is -1010011010010 - 1?
-1010011010011
In base 10, what is -1 + 1487?
1486
In base 8, what is 255 + 1?
256
In base 13, what is -b6 - 4?
-ba
In base 4, what is 30 + 21?
111
In base 14, what is -103 + -6?
-109
In base 6, what is -35 - -4?
-31
In base 5, what is -1113 + 10?
-1103
In base 3, what is -1 - 12012?
-12020
In base 3, what is -2112 + -1011?
-10200
In base 7, what is -5 + -2544?
-2552
In base 6, what is -2521 + -2?
-2523
In base 4, what is 23 + 0?
23
In base 4, what is 11313 - -11?
11330
In base 5, what is 0 + 201?
201
In base 4, what is -113 - -11?
-102
In base 11, what is 1 + 608?
609
In base 10, what is -4088 + 4?
-4084
In base 2, what is 100011 + -11?
100000
In base 15, what is -14cb + 1?
-14ca
In base 10, what is 13 + -43?
-30
In base 10, what is -4 - 28?
-32
In base 13, what is -665 + -3?
-668
In base 10, what is -1047 + -1?
-1048
In base 8, what is -1 - -1365?
1364
In base 9, what is -315 - 5?
-321
In base 3, what is 220021 - 0?
220021
In base 4, what is -2 - -131021?
131013
In base 5, what is -3230 + -10?
-3240
In base 9, what is 571 - -5?
576
In base 12, what is a7 + 24?
10b
In base 2, what is -1010110 - 111110?
-10010100
In base 7, what is 140 + 1?
141
In base 15, what is 1 + 2?
3
In base 14, what is -4 - 1d?
-23
In base 2, what is 1000 - 11100111?
-11011111
In base 4, what is -3 - 21011?
-21020
In base 14, what is -12 + 99?
87
In base 10, what is 3 + -718?
-715
In base 16, what is -31 + -7?
-38
In base 7, what is 21 - 32?
-11
In base 4, what is 101220 + -33?
101121
In base 4, what is -112 + -21132?
-21310
In base 8, what is 313 - -2?
315
In base 14, what is 6 + 32?
38
In base 14, what is -2a + 2?
-28
In base 11, what is -115 + 105?
-10
In base 4, what is -11 + -20321?
-20332
In base 4, what is -12 - 1201?
-1213
In base 9, what is 18 + -148?
-130
In base 10, what is -2 + 31?
29
In base 13, what is -1b0 + 1?
-1ac
In base 13, what is 1 + 192?
193
In base 7, what is -111 - 4?
-115
In base 12, what is 44b - 0?
44b
In base 10, what is -3 + 30?
27
In base 8, what is -2653 + -3?
-2656
In base 15, what is -4 - 1128?
-112c
In base 12, what is 210 - -8?
218
In base 6, what is -114 - -4?
-110
In base 11, what is -25 - -a?
-16
In base 6, what is 3 - 12124?
-12121
In base 12, what is -1 - a?
-b
In base 10, what is -186 + 6?
-180
In base 8, what is -222 - 17?
-241
In base 15, what is 2 - cc?
-ca
In base 6, what is -2 - 5033?
-5035
In base 16, what is 0 - 42?
-42
In base 2, what is 1010100000 + -11?
1010011101
In base 3, what is -220122 - -10?
-220112
In base 12, what is 8 - -58b?
597
In base 4, what is 2 - -1?
3
In base 14, what is -3 + 29?
26
In base 2, what is -101 - -100010101?
100010000
In base 7, what is 526 + 5?
534
In base 14, what is -321 + 8?
-317
In base 8, what is 66 - 2?
64
In base 6, what is 3134 - 0?
3134
In base 2, what is 1000 - 10011010?
-10010010
In base 3, what is -110202 + 0?
-110202
In base 8, what is -4 - 560?
-564
In base 15, what is -5 + 296?
291
In base 9, what is -3 - -86?
83
In base 8, what is -4263 - 2?
-4265
In base 15, what is -23 + 25?
2
In base 4, what is -2 - 3210?
-3212
In base 15, what is 5 + 11?
16
In base 14, what is -2b + cc?
a1
In base 3, what is -10 + 1002201?
1002121
In base 7, what is -4525 + -4?
-4532
In base 8, what is -267 - 7?
-276
In base 15, what is 5 - 64?
-5e
In base 8, what is 4135 + 4?
4141
In base 13, what is -1a - 5?
-22
In base 14, what is 3994 + -1?
3993
In base 9, what is -8132 - -3?
-8128
In base 10, what is -2 - -106?
104
In base 5, what is -2 - -20100?
20043
In base 14, what is 3d + 1?
40
In base 5, what is -10 + -1401?
-1411
In base 6, what is 425 + 1?
430
In base 3, what is 1001 - 11?
220
In base 4, what is 10133 + 122?
10321
In base 6, what is -11 - -52?
41
In base 12, what is -2 + 27?
25
In base 14, what is -10 + -9?
-19
In base 16, what is 7d + -1c?
61
In base 6, what is 13242 - 3?
13235
In base 10, what is 12515 - 1?
12514
In base 11, what is 398 - 3?
395
In base 10, what is -5 + 46?
41
In base 4, what is 333 - 11?
322
In base 6, what is 13 + -13504?
-13451
In base 9, what is -8 + 53?
44
In base 5, what is -4032 - -32?
-4000
In base 3, what is 2111122 + -1?
2111121
In base 15, what is 5 + -31?
-2b
In base 2, what is 111100 + 10001?
1001101
In base 9, what is 5404 - -2?
5406
In base 15, what is 729 + 1?
72a
In base 4, what is -30102 + -1?
-30103
In base 12, what is 1601b - -5?
16024
In base 11, what is 10 - -15?
25
In base 12, what is 42 + -2?
40
In base 4, what is -10 + -10102?
-10112
In base 7, what is -4 - 44?
-51
In base 13, what is 5 + 9?
11
In base 5, what is 10 - -41101?
41111
In base 7, what is 442 + -4?
435
In base 13, what is a83 + 0?
a83
In base 10, what is 16268 + 3?
16271
In base 8, what 